264895836?
8
What is the tens digit of 224419298?
9
What is the thousands digit of 400838315?
8
What is the ten thousands digit of 3763516788?
1
What is the thousands digit of 88726276?
6
What is the hundred thousands digit of 71224427?
2
What is the ten millions digit of 31614203?
3
What is the ten thousands digit of 505403237?
0
What is the hundred millions digit of 1161943004?
1
What is the hundred millions digit of 1513977759?
5
What is the billions digit of 1152441667?
1
What is the ten millions digit of 511338208?
1
What is the units digit of 197137160?
0
What is the millions digit of 106919882?
6
What is the hundreds digit of 343629984?
9
What is the ten millions digit of 803564920?
0
What is the thousands digit of 72264822?
4
What is the billions digit of 1009238097?
1
What is the hundred thousands digit of 589059705?
0
What is the ten thousands digit of 267521273?
2
What is the millions digit of 8874897?
8
What is the ten thousands digit of 499928871?
2
What is the tens digit of 1464918436?
3
What is the millions digit of 3863045328?
3
What is the tens digit of 2977951009?
0
What is the millions digit of 170707813?
0
What is the hundred millions digit of 1460321241?
4
What is the ten thousands digit of 36771716?
7
What is the hundreds digit of 1813370?
3
What is the thousands digit of 19680223?
0
What is the thousands digit of 8314992?
4
What is the ten thousands digit of 3481259945?
5
What is the hundred thousands digit of 4246365497?
3
What is the hundreds digit of 298498428?
4
What is the ten millions digit of 47354164?
4
What is the ten thousands digit of 56088205?
8
What is the hundred millions digit of 1711329750?
7
What is the ten thousands digit of 46587611?
8
What is the units digit of 34976733?
3
What is the millions digit of 1051620382?
1
What is the ten thousands digit of 705921488?
2
What is the ten millions digit of 1711386984?
1
What is the units digit of 144709086?
6
What is the hundred thousands digit of 73777137?
7
What is the ten millions digit of 26428498?
2
What is the ten thousands digit of 38644074?
4
What is the tens digit of 2999714?
1
What is the hundred millions digit of 3908316194?
9
What is the tens digit of 25389976?
7
What is the hundred thousands digit of 243757608?
7
What is the ten millions digit of 1414639552?
1
What is the ten millions digit of 188436231?
8
What is the millions digit of 70834413?
0
What is the hundreds digit of 2262542561?
5
What is the millions digit of 127964391?
7
What is the tens digit of 64855936?
3
What is the millions digit of 489331243?
9
What is the hundred thousands digit of 3899308684?
3
What is the hundreds digit of 4829290?
2
What is the hundreds digit of 266557499?
4
What is the ten thousands digit of 84977090?
7
What is the tens digit of 9235562?
6
What is the hundreds digit of 226520631?
6
What is the thousands digit of 40081401?
1
What is the millions digit of 6322331012?
2
What is the ten millions digit of 121589595?
2
What is the ten thousands digit of 5137607274?
0
What is the ten thousands digit of 16678294?
7
What is the millions digit of 569255351?
9
What is the tens digit of 19938161?
6
What is the ten millions digit of 1722503309?
2
What is the thousands digit of 290725942?
5
What is the millions digit of 37060841?
7
What is the hundred millions digit of 777878493?
7
What is the ten millions digit of 67546302?
6
What is the ten millions digit of 91099116?
9
What is the units digit of 21824544?
4
What is the units digit of 52668211?
1
What is the millions digit of 37778413?
7
What is the units digit of 149827195?
5
What is the hundred millions digit of 4261644861?
2
What is the tens digit of 944963188?
8
What is the millions digit of 61487947?
1
What is the thousands digit of 118342862?
2
What is the millions digit of 3702211337?
2
What is the units digit of 366893754?
4
What is the ten millions digit of 61872158?
6
What is the tens digit of 451199394?
9
What is the hundred thousands digit of 207808292?
8
What is the billions digit of 1175957720?
1
What is the ten thousands digit of 60699045?
9
What is the ten millions digit of 279531739?
7
What is the hundred thousands digit of 50418537?
4
What is the ten millions digit of 4956937817?
5
What is the thousands digit of 89422473?
2
What is the tens digit of 146538558?
5
What is the thousands digit of 400837048?
7
What is the thousands digit of 48586855?
6
What is the hundred thousands digit of 10302250?
3
What is the tens digit of 74551537?
3
What is the hundreds digit of 79772448?
4
What is the ten millions digit of 3082347115?
8
What is the ten millions digit of 87506007?
8
What is the ten thousands digit of 3343753865?
5
What is the units digit of 76675807?
7
What is the ten millions digit of 5591590625?
9
What is the hundreds digit of 60478458?
4
What is the ten millions digit of 5452905166?
5
What is the ten millions digit of 43719349?
4
What is the hundred thousands digit of 143810408?
8
What is the units digit of 42122181?
1
What is the hundred millions digit of 346346247?
3
What is the hundreds digit of 149398956?
9
What is the ten thousands digit of 65037696?
3
What is the millions digit of 54685544?
4
What is the millions digit of 671162236?
1
What is the ten millions digit of 61167250?
6
What is the millions digit of 6092575769?
2
What is the ten millions digit of 201216158?
0
What is the millions digit of 337456983?
7
What is the units digit of 144975157?
7
What is the ten thousands digit of 93023411?
2
What is the units digit of 4679749?
9
What is the tens digit of 487874117?
1
What is the thousands digit of 50488874?
8
What is the ten millions digit of 89055158?
8
What is the ten thousands digit of 305925303?
2
What is the units digit of 950064871?
1
What is the thousands digit of 2313842051?
2
What is the hundreds digit of 148181716?
7
What is the units digit of 7236350?
0
What is the ten thousands digit of 70009685?
0
What is the tens digit of 18676090?
9
What is the ten thousands digit of 371007424?
0
What is the hundreds digit of 8643596913?
9
What is the millions digit of 15248924?
5
What is the units digit of 930208879?
9
What is the thousands digit of 153743582?
3
What is the millions digit of 3777326124?
7
What is the hundreds digit of 4174076?
0
What is the hundreds digit of 1698498691?
6
What is the ten thousands digit of 5693054371?
5
What is the millions digit of 4015907?
4
What is the millions digit of 1081523039?
1
What is the units digit of 62441246?
6
What is the hundred millions digit of 983025698?
9
What is the hundred millions digit of 105285621?
1
What is the billions digit of 1636406362?
1
What is the hundreds digit of 450540449?
4
What is the units digit of 46582471?
1
What is the units digit of 835170256?
6
What is the hundred millions digit of 187746828?
1
What is the thousands digit of 117610082?
0
What is the hundred thousands digit of 2785636489?
6
What is the hundred millions digit of 936201422?
9
What is the hundred millions digit of 2466145238?
4
What is the thousands digit of 46848484?
8
What is the hundred thousands digit of 423562025?
5
What is the thousands digit of 8080217?
0
What is the hundreds digit of 10483848?
8
What is the hundreds digit of 179931913?
9
What is the ten millions digit of 990828341?
9
What is the tens digit of 9756944283?
8
What is the millions digit of 507094426?
7
What is the ten thousands digit of 166005109?
0
What is the units digit of 251692935?
5
What is the units digit of 299491225?
5
What is the hundred thousands digit of 4689786007?
7
What is the tens digit of 982110365?
6
What is the millions digit of 19386107?
9
What is the units digit of 143450660?
0
What is the ten millions digit of 88846415?
8
What is the hundred millions digit of 7740587447?
7
What is the hundred thousands digit of 36001738?
0
What is the tens digit of 27835060?
6
What is the units digit of 210928330?
0
What is the units digit of 2089057891?
1
What is the hundred millions digit of 147690054?
1
What is the ten thousands digit of 55924311?
2
What is the hundred millions digit of 899900413?
8
What is the millions digit of 37743101?
7
What is the ten thousands digit of 116013180?
1
What is the hundred millions digit of 278828317?
2
What is the ten thousands di